4.
-112033321
Convert 51a7 (base 15) to base 7.
101212
Convert -331b76 (base 12) to base 14.
-171d58
Convert 8b462 (base 13) to base 12.
102797
Convert 31a5 (base 16) to base 6.
134501
Convert -541289 (base 12) to base 15.
-1b3ca0
What is 40113255 (base 7) in base 6?
155013043
What is 323033013 (base 4) in base 7?
2030244
What is 1241343414 (base 5) in base 2?
1011101110101100101011
What is -481681 (base 10) in base 14?
-c777b
Convert 4054443 (base 8) to base 15.
1626b5
What is 110101101110100101 (base 2) in base 15?
45314
What is -302310200 (base 4) in base 16?
-32d20
302428 (base 15) to base 11
1321402
Convert 4168709 (base 10) to base 12.
1490545
Convert -2012331011 (base 4) to base 13.
-1647b0
What is -14bc71 (base 14) in base 2?
-10110000110010011011
What is 600150 (base 8) in base 4?
300001220
-187715 (base 9) to base 2
-11100100111100101
Convert bc49c (base 13) to base 15.
6b210
Convert -232200001102 (base 4) to base 6.
-1113134054
1230033033 (base 4) to base 13
126a44
Convert 18828626 (base 9) to base 7.
143654424
11112111102012 (base 3) to base 8
11145141
Convert -5723314 (base 8) to base 9.
-2822213
101101011101001110100011 (base 2) to base 5
11022304240
-73730 (base 10) to base 7
-424646
What is 2259735 (base 10) in base 4?
20213230113
Convert -2611508 (base 9) to base 11.
-893595
What is 11100000110010100 (base 2) in base 11?
7951a
Convert -4b48db (base 14) to base 3.
-11212102011100
What is -260838 (base 9) in base 10?
-158147
What is -23734 (base 8) in base 2?
-10011111011100
Convert -212322212 (base 4) to base 13.
-57725
Convert -5025312 (base 6) to base 4.
-321320030
What is 111001100100110011110111 (base 2) in base 13?
3185a79
What is -1334a (base 16) in base 5?
-10004131
4a3e8 (base 15) to base 9
401262
Convert 10001010100011101110 (base 2) to base 9.
1054453
-32213332 (base 4) to base 8
-164776
What is -2025300 (base 6) in base 8?
-275504
52889 (base 14) to base 2
110000101001011001
20310113120 (base 4) to base 5
1042433030
Convert -a8f52 (base 16) to base 12.
-2945aa
What is -fbfe (base 16) in base 10?
-64510
What is 1233000220 (base 4) in base 2?
1101111000000101000
10100011100111001 (base 2) to base 10
83769
-228841 (base 9) to base 8
-415011
What is -588eb8 (base 16) in base 13?
-128285a
Convert -112140350 (base 6) to base 4.
-13320120222
-20222010210 (base 3) to base 16
-217c2
What is -340123422 (base 5) in base 16?
-16b955
Convert 23111310331 (base 4) to base 15.
3dad44
Convert 740 (base 15) to base 13.
98a
5325210 (base 6) to base 14
6ac50
Convert 475012 (base 9) to base 10.
285779
52080 (base 15) to base 10
259995
-5565049 (base 10) to base 13
-11cb039
Convert 492722 (base 11) to base 15.
105e71
Convert 2961598 (base 10) to base 14.
57142a
Convert 201120010011212 (base 3) to base 8.
47516476
What is -213102210 (base 4) in base 9?
-264673
Convert 12232122133 (base 4) to base 8.
6563237
-277846 (base 9) to base 8
-513532
What is 2077813 (base 11) in base 8?
15744344
-627405 (base 10) to base 16
-992cd
Convert 3464781 (base 9) to base 11.
106a5a9
240507 (base 8) to base 3
11011211012
Convert 30202021233 (base 4) to base 13.
8b0668
-2032b5 (base 13) to base 15
-ec1c8
-3100333 (base 4) to base 15
-3e6a
Convert -12713368 (base 9) to base 5.
-3101040442
Convert 3156842 (base 9) to base 7.
20242502
Convert 33310313 (base 4) to base 6.
1220035
-10341561 (base 8) to base 15
-2da94b
Convert -21d1e (base 15) to base 5.
-11420304
2545005 (base 6) to base 7
1114451
Convert 187238 (base 10) to base 3.
100111211202
What is 110110023 (base 4) in base 13?
2bb4b
What is 1436919 (base 10) in base 11?
8a1640
-102320231012 (base 4) to base 8
-22705506
Convert 1833a3 (base 13) to base 14.
11b300
What is -a72905 (base 15) in base 10?
-7956905
Convert 1101000100010001 (base 2) to base 10.
53521
What is -2c1cc (base 16) in base 7?
-1351530
Convert 14241331 (base 5) to base 16.
24857
What is 10544010 (base 6) in base 16?
4f506
-315404141 (base 6) to base 10
-5584093
1384613 (base 13) to base 14
b6bb6a
What is 1010674 (base 14) in base 10?
7569230
Convert -100011011100001101111010 (base 2) to base 8.
-43341572
-8108422 (base 9) to base 13
-b81abc
What is 2a89 (base 11) in base 3?
12110000
-1000110010000101100 (base 2) to base 16
-4642c
Convert -540 (base 7) to base 12.
-1a9
-21982 (base 10) to base 5
-1200412
-1004b (base 14) to base 6
-454055
Convert 3253211 (base 6) to base 15.
33337
23c04 (base 15) to base 6
2240051
What is 1234545 (base 7) in base 6?
3233140
-4221344 (base 5) to base 10
-70224
What is -5376644 (base 9) in base 15?
-3bed04
What is 70978 (base 11) in base 2?
11001010011101101
What is 108454 (base 9) in base 14?
19ad0
What is 127146 (base 11) in base 5?
22343241
Convert -455147 (base 8) to base 12.
-752b3
-237377 (base 9) to base 13
-50242
-13e3f5 (base 16) to base 4
-10332033311
-258a9b (base 12) to base 9
-1138882
What is -145915 (base 11) in base 2?
-110111100000101111
What is 48136 (base 11) in base 3?
10112011100
535d1 (base 16) to base 3
122100101120
Convert -411627 (base 8) to base 12.
-66907
Convert 14030303 (base 5) to base 4.
202303302
What is -3659a92 (base 11) in base 2?
-11000010010100011111100
Convert -3d5c0 (base 15) to base 12.
-96053
1003446 (base 12) to base 16
2da6b6
44a592 (base 11) to base 9
1312216
Convert -203646 (base 9) to base 16.
-1d7ed
550254 (base 13) to base 10
1999677
23e472 (base 15) to base 8
6435142
-1096538 (base 12) to base 2
-1100001001010001111100
What is 125109 (base 11) in base 13?
6b94c
What is -1aa4a (base 12) in base 10?
-39514
What is 140973 (base 10) in base 15?
2bb83
-41712 (base 12) to base 3
-11100112212
What is 11525334 (base 9) in base 12?
1a74234
-139454 (base 13) to base 8
-1644466
What is 57aa6 (base 11) in base 3?
11021000111
What is -167d5 (base 14) in base 11?
-39449
Convert -8163465 (base 10) to base 6.
-450545453
What is -200210022023 (base 4) in base 3?
-121001201011122
What is 24956 (base 12) in base 3?
2112020110
Convert 1440114031 (base 5) to base 4.
32213221013
What is -1212120011202 (base 3) in base 10?
-995213
Convert -100010210222211 (base 3) to base 14.
-9065d9
Convert -120001211212 (base 3) to base 4.
-1020122033
Convert 2000101122010 (base 3) to base 8.
4053052
-144073 (base 9) to base 13
-31245
What is -2ab990 (base 12) in base 14?
-14c52c
What is -b090 (base 12) in base 8?
-45254
-101100000111011110 (base 2) to base 15
-3881c
What is 12220 (base 16) in base 5?
4334042
Convert -665b11 (base 12) to base 6.
-54515221
-110110010001111101000 (base 2) to base 6
-102042320
What is -100101010001110111001 (base 2) in base 13?
-33a023
Convert -69765 (base 10) to base 6.
-1254553
-10000010100101001000111 (base 2) to base 7
-51240540
Convert -2bfeac (base 16) to base 13.
-79c480
What is -133d3cb (base 14) in base 2?
-100011011101001101100111
What is 71b768 (base 14) in base 10?
3834832
Convert -b8bc1 (base 13) to base 7.
-2560033
3311405 (base 6) to base 12
7b565
Convert 41400002 (base 5) to base 14.
8c1c7
Convert -112440342 (base 5) to base 4.
-1331300121
277913 (base 10) to base 7
2235146
Convert 46bd6 (base 15) to base 9.
373203
What is -13b4c9 (base 13) in base 7?
-4045126
What is 7c8a (base 15) in base 4?
12131113
Convert -91443 (base 12) to base 11.
-119a8a
What is -14681620 (base 9) in base 4?
-123322110030
21122202223 (base 4) to base 10
2468011
Convert 4422222 (base 5) to base 12.
38382
Convert -211201102020 (base 3) to base 4.
-1231023030
-273390 (base 13) to base 12
-399740
What is 351580 (base 13) in base 14?
24b19c
What is ac366 (base 14) in base 6?
12542034
What is -31511281 (base 9) in base 15?
-14eda7d
13302a9 (base 11) to base 8
10612166
Convert 2130555 (base 6) to base 7.
615452
What is -1078046 (base 11) in base 13?
-50cb46
Convert 108410a (base 12) to base 14.
5c3306
What is 11111212 (base 3) in base 11?
2521
Convert 1344432233 (base 6) to base 2.
111110110010001010111101
-1bb24cb (base 13) to base 2
-100011001101100001101000
1120202010011 (base 3) to base 9
1522104
What is -551634 (base 11) in base 3?
-1122201220010
Convert 1789b14 (base 12) to base 10.
4910848
1a47082 (base 11) to base 6
201540230
What is 12010012201222 (base 3) in base 13?
743336
101111000101100011110010 (base 2) to base 5
11124443123
Convert -256254 (base 7) to base 11.
-32